-97. Suppose 4*s - v = -3*m, 3*m = 2*s + 31 + 85. What is the greatest common divisor of 24 and m?
12
Suppose 240 = b + 4*b. Calculate the greatest common factor of b and 12.
12
Let a = -13 - -13. Suppose -4*d + 140 = -a*d. What is the highest common divisor of d and 5?
5
Let h = 86 + -32. Let s be (-2)/7 - (-508)/14. What is the highest common divisor of h and s?
18
Suppose 0 = 4*z + 19 - 3. Let x be (-3)/(12/1)*z. What is the greatest common factor of 11 and x?
1
Let k be 20/(-30)*18/4. Let n(f) = -4*f**3 - 2*f**2 + 4*f + 2. Let v be n(k). Calculate the greatest common divisor of v and 20.
20
Suppose -3*h = -5*b - 205, -220 = 4*b + 2*h - 56. Let k = b - 8. Let i = k + 89. What is the greatest common divisor of i and 8?
8
Let d be (2 + 0 - 3)*-7. Suppose -2*i + d*i = 120. Calculate the highest common divisor of 8 and i.
8
Suppose -4*o - 21 = -461. Let t be (-2)/(-4)*(0 - -2). Let p be (-16)/(t*-2) - -2. Calculate the highest common factor of p and o.
10
Let h(t) = 2*t - 5. Let b be h(4). Suppose 0 = -b*a - 2*a + 495. Let o be (a/12)/((-6)/(-16)). Calculate the highest common divisor of 33 and o.
11
Suppose 2*j - 3*n + 19 = 3*j, 4*j = -n + 54. What is the greatest common divisor of 65 and j?
13
Let u = -6 + 9. Calculate the highest common divisor of 6 and u.
3
Let a = 10 + -6. Suppose -4*x + t + 47 = 0, a*x - 57 + 4 = -5*t. Let s = 41 + -29. What is the greatest common divisor of x and s?
12
Let b(p) = -p + 4. Let o be b(3). Suppose -s - o + 6 = 0. Calculate the greatest common divisor of s and 2.
1
Suppose -3*j + 50 = -j. Suppose 0 = 5*b - 0*b + j. Let n = b - -8. What is the greatest common divisor of n and 3?
3
Suppose 0 = 2*f - 4*d + 9 - 69, -4*d + 156 = 4*f. Let l be (-1)/(3 - 111/f). What is the greatest common factor of 30 and l?
6
Let p = -8 - -6. Let j be p/(6/(-3)) - -15. Suppose -5*o - 40 = -2*h - h, o - j = -h. Calculate the highest common factor of 15 and h.
15
Let c be (-291)/(-33) - 2/(-11). Suppose 0 = -2*t - 5*s + 75, 0*t + 4*s - 123 = -3*t. What is the highest common divisor of t and c?
9
Suppose 0 = u + 5*u - 312. Calculate the highest common factor of u and 39.
13
Suppose 384 = -0*o + 3*o - 4*w, 0 = -5*o + 5*w + 645. Suppose -5*h - 3*x + o = 0, x = 5 - 1. What is the greatest common factor of 16 and h?
8
Let k be 10/50 - 298/(-10). What is the highest common factor of 6 and k?
6
Let j(v) = 6*v**2 - 3*v - 1. Let s be j(1). What is the highest common factor of s and 22?
2
Suppose 4*h - 10 = 10. Let o be (-36)/h - 1/(-5). Let v(b) = -b + 4. Let x be v(o). What is the highest common divisor of 22 and x?
11
Let u = 10 + 2. Let c(q) = 12*q. Let k be ((-4)/12)/(2/(-6)). Let r be c(k). Calculate the highest common factor of u and r.
12
Suppose 2*c + 200 = -2*w, -c - 104 = -0*c + 2*w. Let m = 161 + c. Suppose m = 4*n - 63. Calculate the greatest common divisor of n and 8.
8
Suppose 28 = 4*h + 4*p + 8, -14 = -h - 4*p. What is the highest common divisor of 5 and h?
1
Let c = -4 + 6. Suppose -2*q - c*l = -12, 0*l = -5*q + l + 36. What is the highest common divisor of q and 14?
7
Let j = -62 + 105. Suppose -12 - j = -y + 3*u, 0 = -2*u. Calculate the highest common factor of y and 5.
5
Let h(v) = 19*v + 1. Let q be h(5). Let o = 42 + -30. What is the highest common divisor of q and o?
12
Suppose -5*h - 4*y + 212 = 0, 4*h + 5*y - 89 = 86. Calculate the greatest common factor of h and 5.
5
Suppose 0 = 2*z - 5*z. Suppose 3*c - 8 - 13 = z. What is the greatest common divisor of c and 1?
1
Let l = 28 + -16. What is the greatest common factor of 24 and l?
12
Let o be ((-4)/(-5))/(2/55). Let b = 36 - o. What is the highest common factor of b and 14?
14
Suppose 17 = v + 4. Suppose -2*n + 218 = -2*g - 2*g, -n + 4*g = -101. What is the greatest common factor of v and n?
13
Let k(a) = a + 13. Let o be k(0). What is the greatest common divisor of o and 26?
13
Let l be -2*17*(-3)/6. What is the greatest common factor of 187 and l?
17
Let g be 11 - (3 + 0/(-3)). Calculate the greatest common factor of 32 and g.
8
Let u be 2/3 + (-520)/(-30). Calculate the greatest common divisor of 12 and u.
6
Let k be 6/2 - (2 - -1). Suppose k = -w - 3*w + 1304. Let u be w/10 + (-2)/(-5). Calculate the highest common factor of u and 3.
3
Suppose 2*r - 5*s + 5 = 0, -s - 4*s = -3*r. Let c(u) = -11*u - 4. Let n be c(4). Let q = n - -93. What is the highest common factor of r and q?
5
Let s be (-1 - 1)*(-2)/2. Let p be ((0 - 0) + s)*12. Calculate the highest common factor of 12 and p.
12
Let y be 4*(-1)/2*-2. Let o be (1 - -1) + -17 + 16. What is the highest common factor of y and o?
1
Let s be 8/(-24) - 10/(-3). Suppose -5*q = s*c - 12, 2 + 13 = c - 2*q. Let p(m) = 12*m. Let w be p(6). Calculate the highest common divisor of c and w.
9
Suppose 2*l - 3*i = -0*l + 34, 0 = -2*l - 2*i + 24. Calculate the greatest common factor of 42 and l.
14
Let h be 5*(1 + 3)/4. Suppose 0 = 4*w - 2*p - 40, h*w + 2*p + p = 72. What is the highest common divisor of w and 30?
6
Let s be ((-204)/(-48) - 1/4)*4. What is the greatest common factor of s and 1?
1
Suppose -5*b + 3*g = -185, 2*b - 96 = -2*g - 6. What is the highest common divisor of 8 and b?
8
Let l be ((-576)/(-10))/(12/40). What is the greatest common factor of l and 24?
24
Let v(o) = o**3 + 9*o**2 + 16*o - 2 + 3 - 7*o + 0. Let r be v(-7). What is the highest common factor of 18 and r?
18
Let q = 60 - 36. What is the highest common factor of 6 and q?
6
Let k = 133 + -106. What is the highest common factor of 6 and k?
3
Suppose -4*c - 1 = -17. Suppose 2*k - 2*h - 34 = 0, 2*h = -2*k - 2*k + 38. Calculate the highest common divisor of c and k.
4
Suppose -4*y + 979 = -101. What is the greatest common factor of 54 and y?
54
Suppose 4*w - 5*w + 6 = -5*l, l - 45 = -4*w. Let z be (11/3)/((-1)/(-3)). What is the greatest common factor of z and w?
11
Let g(k) = 5*k**3 + k**2 + 1. Let b be g(3). Suppose 5*t + 4*w - 270 = 0, 2*t = -t + w + b. What is the highest common factor of t and 10?
10
Suppose 477*i - 479*i + 32 = 0. Suppose -3*b + 180 = -b. Suppose -2*u = 4, 0 = 6*g - 4*g + 3*u - b. What is the highest common divisor of i and g?
16
Let v(a) = -7*a**2 + 2*a + 2. Let m be v(-1). Let f be 2/m + 300/21. What is the highest common divisor of 7 and f?
7
Suppose 3*o - 336 = -0*o. Calculate the highest common factor of o and 4.
4
Let h be 11 - (3*-5)/(-5). What is the greatest common divisor of h and 104?
8
Let l(a) = 2*a - 57. Let j be l(29). Suppose 0 = 5*o + 4*v - 6, 0*o + 2*o = -3*v + 1. Calculate the highest common factor of o and j.
1
Suppose -5*w = -w - 32. What is the greatest common factor of w and 8?
8
Let u(o) = o**3 - 4*o**2 - 7*o - 2. Suppose f = 4*f - 18. Let p be u(f). What is the highest common divisor of p and 28?
28
Let t(n) = n**3 + 10*n**2 + 3*n + 8. Let j be t(-8). What is the highest common divisor of j and 16?
16
Suppose -5*d - 271 - 198 = -i, -2*d - 183 = -5*i. Let j = -62 - d. What is the greatest common factor of 16 and j?
16
Let l(n) = 0*n + 2 - 3*n - 3*n. Let m be l(-9). Calculate the highest common divisor of m and 8.
8
Let n = 0 + 1. Suppose q + 5 = 2*q. Let y = q - 4. What is the greatest common divisor of n and y?
1
Let y be (-6)/(-27) + (-4348)/(-36). What is the highest common factor of y and 11?
11
Suppose -36 = -5*c + 24. What is the highest common factor of c and 4?
4
Suppose -1 + 45 = d + 4*o, -70 = -2*d - 2*o. Calculate the highest common factor of d and 224.
32
Let w(s) = -2*s - 12. Let h be w(-5). Let i be (-70)/5*(1 + h). What is the greatest common factor of i and 14?
14
Suppose 0 = -3*w - w + 24. Suppose -4*n - 7 = -n + 5*y, -2*n + 17 = -y. Let i(d) = 9*d. Let s be i(n). What is the greatest common divisor of s and w?
6
Let a = 869 + -1355. Let k be a/(-24) - (-1)/(-4). Calculate the greatest common factor of k and 8.
4
Let z be ((-57)/6 - -2)*-6. What is the greatest common divisor of z and 18?
9
Suppose 0 = -q - 0*q + 16. What is the greatest common factor of q and 32?
16
Let r be ((-10)/(-4))/((-21)/(-14))*3. Calculate the greatest common divisor of r and 20.
5
Let d(j) = j**3 - 5*j**2 - 3*j - 8. Suppose h - 2 - 4 = 0. Let v be d(h). Calculate the highest common factor of v and 10.
10
Let c(y) = 2*y**2 + 9*y - 12. Let z be c(-7). Calculate the highest common factor of z and 115.
23
Let j = 1